{"id":447,"date":"2023-04-19T14:57:11","date_gmt":"2023-04-19T18:57:11","guid":{"rendered":"https:\/\/canada.wordcamp.org\/2024\/location\/"},"modified":"2024-05-09T19:44:12","modified_gmt":"2024-05-09T23:44:12","slug":"localisation","status":"publish","type":"page","link":"https:\/\/canada.wordcamp.org\/2024-fr\/localisation\/","title":{"rendered":"Localisation"},"content":{"rendered":"\n<h2 class=\"wp-block-heading\" id=\"host-city-ottawa\">Ville d&rsquo;accueil : Ottawa<\/h2>\n\n\n\n<p>En juillet prochain, la dynamique ville d&rsquo;Ottawa, en Ontario, sera au centre de l&rsquo;attention en accueillant fi\u00e8rement WordCamp Canada 2024. Dans un cadre pittoresque de la capitale canadienne, cet \u00e9v\u00e9nement invite les passionn\u00e9s de WordPress du monde entier. Ottawa, connue pour sa riche histoire et sa diversit\u00e9 culturelle, n&rsquo;est pas seulement une plaque tournante de la technologie et de l&rsquo;innovation, mais aussi une ville qui fourmille d&rsquo;exp\u00e9riences. Lorsque vous planifierez votre visite pour le WordCamp, pensez \u00e0 prolonger votre s\u00e9jour pour d\u00e9couvrir la myriade de charmes qu&rsquo;offre cette ville et ses environs.<\/p>\n\n\n\n<p>Se rendre \u00e0 Ottawa pour WordCamp Canada est plut\u00f4t simple quel que soit l&rsquo;endroit d&rsquo;o\u00f9 vous venez. Voici un aper\u00e7u des temps de vol approximatifs \u00e0 destination d&rsquo;Ottawa \u00e0 partir de plusieurs grandes villes du monde :<\/p>\n\n\n\n<figure class=\"wp-block-table\"><table><thead><tr><th><strong><strong>\u00c9tats-Unis<\/strong><\/strong><\/th><th><strong><strong>Am\u00e9rique du Sud<\/strong><\/strong><\/th><th><strong><strong>L&rsquo;Europe<\/strong><\/strong><\/th><\/tr><\/thead><tbody><tr><td>Chicago : 2 heures<\/td><td>Bogota : 7 heures<\/td><td>Berlin : 8 heures<\/td><\/tr><tr><td>Los Angeles : 5 heures<\/td><td>Buenos Aires : 11 heures<\/td><td>Londres : 7 heures<\/td><\/tr><tr><td>New York : 1,5 heure<\/td><td>S\u00e3o Paulo : 10 heures<\/td><td>Paris : 7,5 heures<\/td><\/tr><\/tbody><\/table><figcaption class=\"wp-element-caption\">Dur\u00e9e approximative des vols<\/figcaption><\/figure>\n\n\n\n<p>Pendant que vous \u00eates \u00e0 Ottawa pour le WordCamp, pourquoi ne pas vous laisser tenter par une extravagance musicale ? Le c\u00e9l\u00e8bre <a href=\"https:\/\/ottawabluesfest.ca\/\">Bluesfest<\/a> d&rsquo;Ottawa, l&rsquo;un des plus grands festivals de musique en plein air du Canada, co\u00efncide avec WordCamp Canada 2024. Pr\u00e9vu du 4 au 14 juillet, le Bluesfest pr\u00e9sente une gamme vari\u00e9e de genres, du blues au rock en passant par la pop et l&rsquo;\u00e9lectronique. \u00c0 quelques pas du site du WordCamp, vous pourrez vous d\u00e9tendre apr\u00e8s une journ\u00e9e de sessions instructives en assistant aux spectacles d&rsquo;artistes de renomm\u00e9e mondiale et de talents \u00e9mergents. Ce festival ne promet pas seulement de la bonne musique, il offre aussi un aper\u00e7u unique de la sc\u00e8ne culturelle dynamique d&rsquo;Ottawa.<\/p>\n\n\n\n<figure class=\"wp-block-image alignright size-medium wp-duotone-unset-1\"><img loading=\"lazy\" decoding=\"async\" width=\"200\" height=\"300\" src=\"https:\/\/canada.wordcamp.org\/2024-fr\/files\/2024\/01\/image-7-200x300.png\" alt=\"\" class=\"wp-image-605\" srcset=\"https:\/\/canada.wordcamp.org\/2024-fr\/files\/2024\/01\/image-7-200x300.png 200w, https:\/\/canada.wordcamp.org\/2024-fr\/files\/2024\/01\/image-7.png 427w\" sizes=\"auto, (max-width: 200px) 100vw, 200px\" \/><figcaption class=\"wp-element-caption\"><a href=\"https:\/\/www.gallery.ca\/\">National  Gallery of Canada<\/a><\/figcaption><\/figure>\n\n\n\n<p>Ottawa est un tr\u00e9sor d&rsquo;attractions, ce qui garantit que votre s\u00e9jour prolong\u00e9 sera aussi enrichissant qu&rsquo;agr\u00e9able. Voici quelques endroits \u00e0 ne pas manquer :<\/p>\n\n\n\n<ul class=\"wp-block-list\">\n<li><strong>Canal Rideau<\/strong>:<br>Un site du patrimoine mondial de l&rsquo;UNESCO, id\u00e9al pour une promenade en bateau en \u00e9t\u00e9 ou un patinage embl\u00e9matique en hiver.<\/li>\n\n\n\n<li>Le <strong>march\u00e9 By<\/strong>:<br>Un centre anim\u00e9 rempli de boutiques d&rsquo;artisans, de caf\u00e9s et des meilleurs d\u00e9lices culinaires de la ville.<\/li>\n\n\n\n<li><strong>Mus\u00e9e canadien de l&rsquo;histoire<\/strong>:<br>Plongez dans le pass\u00e9 du Canada gr\u00e2ce \u00e0 ses expositions \u00e9tonnantes et \u00e0 la plus grande collection int\u00e9rieure de totems au monde.<\/li>\n\n\n\n<li><strong>Mus\u00e9e des beaux-arts<\/strong> du Canada :<br>Il abrite une vaste collection d&rsquo;art indig\u00e8ne et canadien, ainsi que des chefs-d&rsquo;\u0153uvre europ\u00e9ens et am\u00e9ricains.<br><br>Ces attractions ne sont pas seulement des lieux \u00e0 visiter ; ce sont des exp\u00e9riences qui r\u00e9sument l&rsquo;esprit d&rsquo;Ottawa. Pour obtenir de plus amples renseignements sur notre charmante ville afin de vous aider \u00e0 planifier votre voyage et votre temps en dehors du WordCamp, veuillez consulter le site de <a href=\"https:\/\/ottawatourism.ca\/en\">Tourisme Ottawa<\/a>.<\/li>\n<\/ul>\n\n\n\n<figure class=\"wp-block-image alignleft size-full is-resized wp-duotone-unset-2\"><img loading=\"lazy\" decoding=\"async\" width=\"251\" height=\"332\" src=\"https:\/\/canada.wordcamp.org\/2024-fr\/files\/2024\/01\/image-8.png\" alt=\"\" class=\"wp-image-614\" style=\"width:auto;height:240px\" srcset=\"https:\/\/canada.wordcamp.org\/2024-fr\/files\/2024\/01\/image-8.png 251w, https:\/\/canada.wordcamp.org\/2024-fr\/files\/2024\/01\/image-8-227x300.png 227w\" sizes=\"auto, (max-width: 251px) 100vw, 251px\" \/><\/figure>\n\n\n\n<p>Le parcours d&rsquo;Ottawa avec WordCamp est tout \u00e0 fait remarquable. Accueillant son premier WordCamp en 2013, la ville est depuis devenue une habitu\u00e9e du circuit WordCamp, connue pour ses \u00e9v\u00e9nements bien organis\u00e9s qui rassemblent la communaut\u00e9 WordPress de tout le Canada et d&rsquo;ailleurs. Chaque ann\u00e9e, l&rsquo;\u00e9v\u00e9nement a pris de l&rsquo;ampleur, pr\u00e9sentant une gamme vari\u00e9e de sujets allant du d\u00e9veloppement de sites Web \u00e0 la cr\u00e9ation de contenu et aux strat\u00e9gies de r\u00e9f\u00e9rencement.<\/p>\n\n\n\n<p>Les pr\u00e9c\u00e9dents WordCamps d&rsquo;Ottawa ont accueilli des conf\u00e9renciers de renom de la communaut\u00e9 WordPress, offrant un aper\u00e7u des derni\u00e8res tendances et des meilleures pratiques. Les \u00e9v\u00e9nements ont favoris\u00e9 un sens de la communaut\u00e9 et de la collaboration, avec des ateliers, des conf\u00e9rences et des opportunit\u00e9s de r\u00e9seautage qui s&rsquo;adressent \u00e0 la fois aux d\u00e9butants et aux utilisateurs avanc\u00e9s. WordCamp Canada 2024 \u00e0 Ottawa est pr\u00eat \u00e0 poursuivre cet h\u00e9ritage, offrant une exp\u00e9rience enrichissante \u00e0 tous les participants.<\/p>\n\n\n\n<p>Alors que vous planifiez votre voyage pour WordCamp Canada 2024, rappelez-vous qu&rsquo;Ottawa n&rsquo;est pas seulement un point de rencontre pour les passionn\u00e9s de WordPress ; c&rsquo;est une ville qui promet un m\u00e9lange d&rsquo;apprentissage, d&rsquo;enrichissement culturel et d&rsquo;exp\u00e9riences inoubliables. Prolongez votre s\u00e9jour et impr\u00e9gnez-vous de tout ce qu&rsquo;Ottawa a \u00e0 offrir. Nous nous r\u00e9jouissons de vous accueillir !<\/p>\n\n\n\n<h2 class=\"wp-block-heading\" id=\"venue-infinity-convention-centre\">Lieu : Centre de convention Infinity<\/h2>\n\n\n\n<p><\/p>\n\n\n\n<figure class=\"wp-block-image alignright size-full is-resized has-custom-border wp-duotone-unset-3\"><img loading=\"lazy\" decoding=\"async\" width=\"999\" height=\"641\" src=\"https:\/\/canada.wordcamp.org\/2024-fr\/files\/2024\/01\/image-2.png\" alt=\"\" class=\"wp-image-566\" style=\"border-width:1px;width:560px\" srcset=\"https:\/\/canada.wordcamp.org\/2024-fr\/files\/2024\/01\/image-2.png 999w, https:\/\/canada.wordcamp.org\/2024-fr\/files\/2024\/01\/image-2-300x192.png 300w, https:\/\/canada.wordcamp.org\/2024-fr\/files\/2024\/01\/image-2-768x493.png 768w, https:\/\/canada.wordcamp.org\/2024-fr\/files\/2024\/01\/image-2-468x300.png 468w\" sizes=\"auto, (max-width: 999px) 100vw, 999px\" \/><\/figure>\n\n\n\n<p class=\"has-text-align-center\"><strong>2901 Gibford Drive,<br>Ottawa, ON K1V 2L9<\/strong><br>T\u00e9l\u00e9phone : 613-696-1580<br><a href=\"https:\/\/infinityconventioncentre.com\/the-venue\/amenities\/\">Site Web<\/a><\/p>\n\n\n\n<p>Cette installation moderne de 15 000 pieds carr\u00e9s a tout ce qu&rsquo;il faut pour assurer le succ\u00e8s de notre premier WordCamp Canada. Il se trouve \u00e0 quelques minutes de l&rsquo;a\u00e9roport international d&rsquo;Ottawa, toutes les zones sont enti\u00e8rement accessibles aux participants, il y a suffisamment de places de stationnement, une cuisine haut de gamme et de nombreuses possibilit\u00e9s d&rsquo;h\u00e9bergement \u00e0 proximit\u00e9.<\/p>\n\n\n\n<p><strong><strong>Transports en commun avec OC Transpo<\/strong><\/strong><\/p>\n\n\n\n<p>Quatre lignes de bus (90, 92, 96, 197) ont un arr\u00eat \u00e0 moins de 2 minutes \u00e0 pied de l&rsquo;ICC. Le <a href=\"https:\/\/plan.octranspo.com\/plan\/\">planificateur de voyage d&rsquo;OC Transpo<\/a> peut vous aider \u00e0 arriver facilement \u00e0 destination, en plus des principales applications cartographiques.<br><br><\/p>\n\n\n\n<div style=\"width: 900px;text-align: center;margin: 0 auto\"><div class=\"googlemaps\">\n\t\t\t\t<iframe loading=\"lazy\" width=\"900\" height=\"550\" frameborder=\"0\" scrolling=\"no\" marginheight=\"0\" marginwidth=\"0\"  src=\"https:\/\/www.google.com\/maps\/embed?pb=!1m14!1m8!1m3!1d11217.081131524916!2d-75.665797!3d45.343356!3m2!1i1024!2i768!4f13.1!3m3!1m2!1s0x4cce088989a27ddf:0x8d47c768fc8dbbd2!2s2901%20Gibford%20Dr,%20Ottawa,%20ON%20K1V%202L9,%20Canada!5e0!3m2!1sen!2sus!4v1706380583423!5m2!1sen!2sus\"><\/iframe>\n\t\t\t<\/div><\/div>\n\n\n\n<h2 class=\"wp-block-heading\"><strong><strong>H\u00f4tels \u00e0 proximit\u00e9<\/strong><\/strong><\/h2>\n\n\n\n<ul class=\"wp-block-list\">\n<li>Navette a\u00e9roportuaire gratuite en semaine de 5h \u00e0 23h et le week-end de 6h \u00e0 23h.<\/li>\n\n\n\n<li>Petit-d\u00e9jeuner buffet quotidien<\/li>\n\n\n\n<li>Salle de fitness ouverte 24 heures sur 24<\/li>\n\n\n\n<li>Wi-Fi gratuit<\/li>\n<\/ul>\n\n\n\n<div class=\"wp-block-columns is-layout-flex wp-container-core-columns-is-layout-28f84493 wp-block-columns-is-layout-flex\">\n<div class=\"wp-block-column is-layout-flow wp-block-column-is-layout-flow\">\n<figure class=\"wp-block-image size-full wp-duotone-unset-4\"><a href=\"https:\/\/www.hilton.com\/en\/hotels\/yowathx-hampton-ottawa-airport\/\"><img loading=\"lazy\" decoding=\"async\" width=\"210\" height=\"151\" src=\"https:\/\/canada.wordcamp.org\/2024\/files\/2024\/01\/image-5.png\" alt=\"\" class=\"wp-image-577\" \/><\/a><\/figure>\n\n\n\n<p><a href=\"https:\/\/www.hilton.com\/en\/hotels\/yowathx-hampton-ottawa-airport\/\">Hampton Inn<\/a><br>2869 Gibford Dr<br>Ottawa, ON K1V 2L9<br><br>1 min de marche de ICC<br><br><strong><strong>Tarifs sp\u00e9ciaux n\u00e9goci\u00e9s:<\/strong><\/strong><\/p>\n\n\n\n<p>Date limite:<br>11 juin, 2024<\/p>\n\n\n\n<ul class=\"wp-block-list\">\n<li>Chambre standard avec lit King-Size. Accessible aux personnes \u00e0 mobilit\u00e9 r\u00e9duite. 10 chambres @ $179<\/li>\n\n\n\n<li>Contacter l&rsquo;h\u00f4tel directement (613-248-1113) et fournissez vos dates et le code <strong>W24<\/strong>.<\/li>\n\n\n\n<li>Sinon, allez sur <a href=\"https:\/\/www.hilton.com\/en\/hotels\/yowathx-hampton-ottawa-airport\/\">www.hampton.com<\/a>, entrez la ville et vos dates en sp\u00e9cifiant le code rabais <strong>W24<\/strong>&nbsp;dans la section \u201cgroup code\u201d.<\/li>\n<\/ul>\n<\/div>\n\n\n\n<div class=\"wp-block-column is-layout-flow wp-block-column-is-layout-flow\">\n<figure class=\"wp-block-image size-full wp-duotone-unset-5\"><a href=\"https:\/\/www.hilton.com\/en\/hotels\/yowhwhw-homewood-suites-ottawa-airport\/\"><img loading=\"lazy\" decoding=\"async\" width=\"210\" height=\"151\" src=\"https:\/\/canada.wordcamp.org\/2024\/files\/2024\/01\/image-3.png\" alt=\"\" class=\"wp-image-575\" \/><\/a><\/figure>\n\n\n\n<p><a href=\"https:\/\/www.hilton.com\/en\/hotels\/yowhwhw-homewood-suites-ottawa-airport\/\">Homewood Suites By Hilton<\/a><br>3605 Paul Anka Dr<br>Ottawa, ON K1V 0E2<br><br>4 min de marche de ICC<\/p>\n\n\n\n<p><strong><strong><strong>Tarifs sp\u00e9ciaux n\u00e9goci\u00e9s:<\/strong><\/strong><\/strong><\/p>\n\n\n\n<p>Date limite:<br>20 juin, 2024<\/p>\n\n\n\n<ul class=\"wp-block-list\">\n<li>Suite Studio avec lit King (avec canap\u00e9-lit). 30 chambres @ $259<\/li>\n\n\n\n<li>Suite 1 chambre avec 2 lits Queen (avec canap\u00e9-lit). 5 chambres @ $269<\/li>\n\n\n\n<li>Contacter l&rsquo;h\u00f4tel directement (613-422-3678) et fournissez vos dates et le code <strong>W24<\/strong>.<\/li>\n\n\n\n<li>Sinon, allez sur &nbsp;<a href=\"https:\/\/www.hilton.com\/en\/hotels\/yowhwhw-homewood-suites-ottawa-airport\/\">homewoodsuites.com<\/a>, entrez la ville et vos dates en sp\u00e9cifiant le code rabais <strong>W24<\/strong>&nbsp;dans la section \u201cgroup code\u201d.<\/li>\n<\/ul>\n<\/div>\n\n\n\n<div class=\"wp-block-column is-layout-flow wp-block-column-is-layout-flow\">\n<figure class=\"wp-block-image size-full wp-duotone-unset-6\"><a href=\"https:\/\/www.ihg.com\/holidayinnexpress\/hotels\/us\/en\/ottawa\/yowuh\/hoteldetail\"><img loading=\"lazy\" decoding=\"async\" width=\"210\" height=\"151\" src=\"https:\/\/canada.wordcamp.org\/2024\/files\/2024\/01\/image-6.png\" alt=\"\" class=\"wp-image-578\" \/><\/a><\/figure>\n\n\n\n<p><a href=\"https:\/\/www.ihg.com\/holidayinnexpress\/hotels\/us\/en\/ottawa\/yowuh\/hoteldetail\">Holiday Inn Express<\/a><br>2881 Gibford Drive<br>Ottawa, ON K1V 2L9<br><br>1 min de marche de ICC<\/p>\n\n\n\n<p><strong><strong><strong>Tarifs sp\u00e9ciaux n\u00e9goci\u00e9s:<\/strong><\/strong><\/strong><\/p>\n\n\n\n<p>Date limite:<br>11 juin, 2024<\/p>\n\n\n\n<ul class=\"wp-block-list\">\n<li>Chambre Standard avec 2 Lits Queen-Size. 10 chambres @ $229<\/li>\n\n\n\n<li>Contacter l&rsquo;h\u00f4tel directement (613-247-9500) et fournissez vos dates et le code <strong>W24<\/strong>.<\/li>\n\n\n\n<li>Sinon, allez sur <a href=\"https:\/\/www.ihg.com\/holidayinnexpress\/hotels\/us\/en\/ottawa\/yowuh\/hoteldetail\">www.hieottawa.com<\/a>, entrez la ville et vos dates en sp\u00e9cifiant le code rabais <strong>W24<\/strong>&nbsp;dans la section \u201cGroup ID\u201d.<\/li>\n\n\n\n<li>Le rabais de groupe sera appliqu\u00e9 automatiquement.<\/li>\n<\/ul>\n<\/div>\n<\/div>\n\n\n\n<div class=\"wp-block-columns is-layout-flex wp-container-core-columns-is-layout-28f84493 wp-block-columns-is-layout-flex\">\n<div class=\"wp-block-column is-layout-flow wp-block-column-is-layout-flow\"><\/div>\n\n\n\n<div class=\"wp-block-column is-layout-flow wp-block-column-is-layout-flow\">\n<figure class=\"wp-block-image size-full wp-duotone-unset-7\"><a href=\"https:\/\/www.marriott.com\/en-us\/hotels\/yowap-residence-inn-ottawa-airport\/overview\/\"><img loading=\"lazy\" decoding=\"async\" width=\"210\" height=\"151\" src=\"https:\/\/canada.wordcamp.org\/2024\/files\/2024\/01\/image-4.png\" alt=\"\" class=\"wp-image-576\" \/><\/a><\/figure>\n\n\n\n<p><a href=\"https:\/\/www.marriott.com\/en-us\/hotels\/yowap-residence-inn-ottawa-airport\/overview\/\">Residence Inn Marriot<\/a><br>1172 Walkley Rd<br>Ottawa, ON K1V 2P7<br><br>6 min par voiture \/ 20 min par autobus<\/p>\n<\/div>\n\n\n\n<div class=\"wp-block-column is-layout-flow wp-block-column-is-layout-flow\"><\/div>\n<\/div>\n\n\n\n<h2 class=\"wp-block-heading\"><strong><strong>Aper\u00e7u du lieu<\/strong><\/strong><\/h2>\n\n\n\n<figure class=\"wp-block-gallery has-nested-images columns-default is-cropped wp-block-gallery-19 is-layout-flex wp-block-gallery-is-layout-flex\">\n<figure class=\"wp-block-image size-full wp-duotone-unset-8\"><a href=\"https:\/\/canada.wordcamp.org\/2024-fr\/files\/2024\/01\/image-1.png\"><img loading=\"lazy\" decoding=\"async\" width=\"999\" height=\"999\" data-id=\"565\" src=\"https:\/\/canada.wordcamp.org\/2024-fr\/files\/2024\/01\/image-1.png\" alt=\"\" class=\"wp-image-565\" srcset=\"https:\/\/canada.wordcamp.org\/2024-fr\/files\/2024\/01\/image-1.png 999w, https:\/\/canada.wordcamp.org\/2024-fr\/files\/2024\/01\/image-1-300x300.png 300w, https:\/\/canada.wordcamp.org\/2024-fr\/files\/2024\/01\/image-1-150x150.png 150w, https:\/\/canada.wordcamp.org\/2024-fr\/files\/2024\/01\/image-1-768x768.png 768w\" sizes=\"auto, (max-width: 999px) 100vw, 999px\" \/><\/a><\/figure>\n\n\n\n<figure class=\"wp-block-image size-full wp-duotone-unset-9\"><a href=\"https:\/\/canada.wordcamp.org\/2024-fr\/files\/2024\/01\/infinity-19-of-75_29699814114_o.jpg\"><img loading=\"lazy\" decoding=\"async\" width=\"999\" height=\"687\" data-id=\"586\" src=\"https:\/\/canada.wordcamp.org\/2024-fr\/files\/2024\/01\/infinity-19-of-75_29699814114_o.jpg\" alt=\"\" class=\"wp-image-586\" srcset=\"https:\/\/canada.wordcamp.org\/2024-fr\/files\/2024\/01\/infinity-19-of-75_29699814114_o.jpg 999w, https:\/\/canada.wordcamp.org\/2024-fr\/files\/2024\/01\/infinity-19-of-75_29699814114_o-300x206.jpg 300w, https:\/\/canada.wordcamp.org\/2024-fr\/files\/2024\/01\/infinity-19-of-75_29699814114_o-768x528.jpg 768w, https:\/\/canada.wordcamp.org\/2024-fr\/files\/2024\/01\/infinity-19-of-75_29699814114_o-436x300.jpg 436w\" sizes=\"auto, (max-width: 999px) 100vw, 999px\" \/><\/a><\/figure>\n\n\n\n<figure class=\"wp-block-image size-full wp-duotone-unset-10\"><a href=\"https:\/\/canada.wordcamp.org\/2024-fr\/files\/2024\/01\/Infinity_social_7274.jpg\"><img loading=\"lazy\" decoding=\"async\" width=\"999\" height=\"999\" data-id=\"589\" src=\"https:\/\/canada.wordcamp.org\/2024-fr\/files\/2024\/01\/Infinity_social_7274.jpg\" alt=\"\" class=\"wp-image-589\" srcset=\"https:\/\/canada.wordcamp.org\/2024-fr\/files\/2024\/01\/Infinity_social_7274.jpg 999w, https:\/\/canada.wordcamp.org\/2024-fr\/files\/2024\/01\/Infinity_social_7274-300x300.jpg 300w, https:\/\/canada.wordcamp.org\/2024-fr\/files\/2024\/01\/Infinity_social_7274-150x150.jpg 150w, https:\/\/canada.wordcamp.org\/2024-fr\/files\/2024\/01\/Infinity_social_7274-768x768.jpg 768w\" sizes=\"auto, (max-width: 999px) 100vw, 999px\" \/><\/a><\/figure>\n\n\n\n<figure class=\"wp-block-image size-full wp-duotone-unset-11\"><a href=\"https:\/\/canada.wordcamp.org\/2024-fr\/files\/2024\/01\/Infinity_web_7191.jpg\"><img loading=\"lazy\" decoding=\"async\" width=\"999\" height=\"672\" data-id=\"588\" src=\"https:\/\/canada.wordcamp.org\/2024-fr\/files\/2024\/01\/Infinity_web_7191.jpg\" alt=\"\" class=\"wp-image-588\" srcset=\"https:\/\/canada.wordcamp.org\/2024-fr\/files\/2024\/01\/Infinity_web_7191.jpg 999w, https:\/\/canada.wordcamp.org\/2024-fr\/files\/2024\/01\/Infinity_web_7191-300x202.jpg 300w, https:\/\/canada.wordcamp.org\/2024-fr\/files\/2024\/01\/Infinity_web_7191-768x517.jpg 768w, https:\/\/canada.wordcamp.org\/2024-fr\/files\/2024\/01\/Infinity_web_7191-446x300.jpg 446w\" sizes=\"auto, (max-width: 999px) 100vw, 999px\" \/><\/a><\/figure>\n\n\n\n<figure class=\"wp-block-image size-full wp-duotone-unset-12\"><a href=\"https:\/\/canada.wordcamp.org\/2024-fr\/files\/2024\/01\/infinity-2b-36-of-49_30296599006_o.jpg\"><img loading=\"lazy\" decoding=\"async\" width=\"999\" height=\"666\" data-id=\"587\" src=\"https:\/\/canada.wordcamp.org\/2024-fr\/files\/2024\/01\/infinity-2b-36-of-49_30296599006_o.jpg\" alt=\"\" class=\"wp-image-587\" srcset=\"https:\/\/canada.wordcamp.org\/2024-fr\/files\/2024\/01\/infinity-2b-36-of-49_30296599006_o.jpg 999w, https:\/\/canada.wordcamp.org\/2024-fr\/files\/2024\/01\/infinity-2b-36-of-49_30296599006_o-300x200.jpg 300w, https:\/\/canada.wordcamp.org\/2024-fr\/files\/2024\/01\/infinity-2b-36-of-49_30296599006_o-768x512.jpg 768w, https:\/\/canada.wordcamp.org\/2024-fr\/files\/2024\/01\/infinity-2b-36-of-49_30296599006_o-450x300.jpg 450w\" sizes=\"auto, (max-width: 999px) 100vw, 999px\" \/><\/a><\/figure>\n\n\n\n<figure class=\"wp-block-image size-full wp-duotone-unset-13\"><a href=\"https:\/\/canada.wordcamp.org\/2024-fr\/files\/2024\/01\/Infinity-0168.jpg\"><img loading=\"lazy\" decoding=\"async\" width=\"900\" height=\"601\" data-id=\"585\" src=\"https:\/\/canada.wordcamp.org\/2024-fr\/files\/2024\/01\/Infinity-0168.jpg\" alt=\"\" class=\"wp-image-585\" srcset=\"https:\/\/canada.wordcamp.org\/2024-fr\/files\/2024\/01\/Infinity-0168.jpg 900w, https:\/\/canada.wordcamp.org\/2024-fr\/files\/2024\/01\/Infinity-0168-300x200.jpg 300w, https:\/\/canada.wordcamp.org\/2024-fr\/files\/2024\/01\/Infinity-0168-768x513.jpg 768w, https:\/\/canada.wordcamp.org\/2024-fr\/files\/2024\/01\/Infinity-0168-449x300.jpg 449w\" sizes=\"auto, (max-width: 900px) 100vw, 900px\" \/><\/a><\/figure>\n\n\n\n<figure class=\"wp-block-image size-large wp-duotone-unset-14\"><a href=\"https:\/\/canada.wordcamp.org\/2024-fr\/files\/2024\/01\/ND4_5187.jpg\"><img loading=\"lazy\" decoding=\"async\" width=\"1024\" height=\"682\" data-id=\"582\" src=\"https:\/\/canada.wordcamp.org\/2024-fr\/files\/2024\/01\/ND4_5187-1024x682.jpg\" alt=\"\" class=\"wp-image-582\" srcset=\"https:\/\/canada.wordcamp.org\/2024-fr\/files\/2024\/01\/ND4_5187-1024x682.jpg 1024w, https:\/\/canada.wordcamp.org\/2024-fr\/files\/2024\/01\/ND4_5187-300x200.jpg 300w, https:\/\/canada.wordcamp.org\/2024-fr\/files\/2024\/01\/ND4_5187-768x511.jpg 768w, https:\/\/canada.wordcamp.org\/2024-fr\/files\/2024\/01\/ND4_5187-451x300.jpg 451w, https:\/\/canada.wordcamp.org\/2024-fr\/files\/2024\/01\/ND4_5187.jpg 1200w\" sizes=\"auto, (max-width: 1024px) 100vw, 1024px\" \/><\/a><\/figure>\n\n\n\n<figure class=\"wp-block-image size-large wp-duotone-unset-15\"><a href=\"https:\/\/canada.wordcamp.org\/2024-fr\/files\/2024\/01\/Infinity-7145.jpg\"><img loading=\"lazy\" decoding=\"async\" width=\"1024\" height=\"684\" data-id=\"583\" src=\"https:\/\/canada.wordcamp.org\/2024-fr\/files\/2024\/01\/Infinity-7145-1024x684.jpg\" alt=\"\" class=\"wp-image-583\" srcset=\"https:\/\/canada.wordcamp.org\/2024-fr\/files\/2024\/01\/Infinity-7145-1024x684.jpg 1024w, https:\/\/canada.wordcamp.org\/2024-fr\/files\/2024\/01\/Infinity-7145-300x200.jpg 300w, https:\/\/canada.wordcamp.org\/2024-fr\/files\/2024\/01\/Infinity-7145-768x513.jpg 768w, https:\/\/canada.wordcamp.org\/2024-fr\/files\/2024\/01\/Infinity-7145-449x300.jpg 449w, https:\/\/canada.wordcamp.org\/2024-fr\/files\/2024\/01\/Infinity-7145.jpg 1200w\" sizes=\"auto, (max-width: 1024px) 100vw, 1024px\" \/><\/a><\/figure>\n\n\n\n<figure class=\"wp-block-image size-large wp-duotone-unset-16\"><a href=\"https:\/\/canada.wordcamp.org\/2024-fr\/files\/2024\/01\/Infinity-1560.jpg\"><img loading=\"lazy\" decoding=\"async\" width=\"1024\" height=\"684\" data-id=\"584\" src=\"https:\/\/canada.wordcamp.org\/2024-fr\/files\/2024\/01\/Infinity-1560-1024x684.jpg\" alt=\"\" class=\"wp-image-584\" srcset=\"https:\/\/canada.wordcamp.org\/2024-fr\/files\/2024\/01\/Infinity-1560-1024x684.jpg 1024w, https:\/\/canada.wordcamp.org\/2024-fr\/files\/2024\/01\/Infinity-1560-300x200.jpg 300w, https:\/\/canada.wordcamp.org\/2024-fr\/files\/2024\/01\/Infinity-1560-768x513.jpg 768w, https:\/\/canada.wordcamp.org\/2024-fr\/files\/2024\/01\/Infinity-1560-449x300.jpg 449w, https:\/\/canada.wordcamp.org\/2024-fr\/files\/2024\/01\/Infinity-1560.jpg 1200w\" sizes=\"auto, (max-width: 1024px) 100vw, 1024px\" \/><\/a><\/figure>\n\n\n\n<figure class=\"wp-block-image size-full wp-duotone-unset-17\"><a href=\"https:\/\/canada.wordcamp.org\/2024-fr\/files\/2024\/01\/floorplan.jpg\"><img loading=\"lazy\" decoding=\"async\" width=\"902\" height=\"848\" data-id=\"639\" src=\"https:\/\/canada.wordcamp.org\/2024-fr\/files\/2024\/01\/floorplan.jpg\" alt=\"\" class=\"wp-image-639\" srcset=\"https:\/\/canada.wordcamp.org\/2024-fr\/files\/2024\/01\/floorplan.jpg 902w, https:\/\/canada.wordcamp.org\/2024-fr\/files\/2024\/01\/floorplan-300x282.jpg 300w, https:\/\/canada.wordcamp.org\/2024-fr\/files\/2024\/01\/floorplan-768x722.jpg 768w, https:\/\/canada.wordcamp.org\/2024-fr\/files\/2024\/01\/floorplan-319x300.jpg 319w\" sizes=\"auto, (max-width: 902px) 100vw, 902px\" \/><\/a><\/figure>\n\n\n\n<figure class=\"wp-block-image size-full wp-duotone-unset-18\"><a href=\"https:\/\/canada.wordcamp.org\/2024-fr\/files\/2024\/01\/iw2_30251501081_o.jpg\"><img loading=\"lazy\" decoding=\"async\" width=\"600\" height=\"903\" data-id=\"640\" src=\"https:\/\/canada.wordcamp.org\/2024-fr\/files\/2024\/01\/iw2_30251501081_o.jpg\" alt=\"\" class=\"wp-image-640\" srcset=\"https:\/\/canada.wordcamp.org\/2024-fr\/files\/2024\/01\/iw2_30251501081_o.jpg 600w, https:\/\/canada.wordcamp.org\/2024-fr\/files\/2024\/01\/iw2_30251501081_o-199x300.jpg 199w\" sizes=\"auto, (max-width: 600px) 100vw, 600px\" \/><\/a><\/figure>\n<\/figure>\n\n\n\n<div class=\"wp-block-buttons is-content-justification-center is-layout-flex wp-container-core-buttons-is-layout-a89b3969 wp-block-buttons-is-layout-flex\">\n<div class=\"wp-block-button\"><a class=\"wp-block-button__link has-text-align-center wp-element-button\" href=\"https:\/\/canada.wordcamp.org\/2024-fr\/contact\/\">Avez-vous d&rsquo;autres questions sur Ottawa ou sur le lieu du WordCamp 2024 ?<\/a><\/div>\n<\/div>\n\n\n\n<p class=\"has-text-align-center\"><br><em><em>Photo d&rsquo;en-t\u00eate avec l&rsquo;aimable autorisation<\/em> de <a href=\"https:\/\/ottawatourism.ca\/en\/about-ottawa\"><em>Tourisme Ottawa<\/em><\/a><\/em><\/p>\n","protected":false},"excerpt":{"rendered":"<p>Ville d&rsquo;accueil : Ottawa En juillet prochain, la dynamique ville d&rsquo;Ottawa, en Ontario, sera au centre de l&rsquo;attention en accueillant fi\u00e8rement WordCamp Canada 2024. Dans un cadre pittoresque de la capitale canadienne, cet \u00e9v\u00e9nement invite les passionn\u00e9s de WordPress du monde entier. Ottawa, connue pour sa riche histoire et sa diversit\u00e9 culturelle, n&rsquo;est pas seulement [&hellip;]<\/p>\n","protected":false},"author":8696314,"featured_media":561,"parent":0,"menu_order":0,"comment_status":"closed","ping_status":"closed","template":"full-wide-page","meta":{"jetpack_post_was_ever_published":true,"footnotes":""},"class_list":["post-447","page","type-page","status-publish","has-post-thumbnail","hentry"],"jetpack_sharing_enabled":true,"_links":{"self":[{"href":"https:\/\/canada.wordcamp.org\/2024-fr\/wp-json\/wp\/v2\/pages\/447","targetHints":{"allow":["GET"]}}],"collection":[{"href":"https:\/\/canada.wordcamp.org\/2024-fr\/wp-json\/wp\/v2\/pages"}],"about":[{"href":"https:\/\/canada.wordcamp.org\/2024-fr\/wp-json\/wp\/v2\/types\/page"}],"author":[{"embeddable":true,"href":"https:\/\/canada.wordcamp.org\/2024-fr\/wp-json\/wp\/v2\/users\/8696314"}],"replies":[{"embeddable":true,"href":"https:\/\/canada.wordcamp.org\/2024-fr\/wp-json\/wp\/v2\/comments?post=447"}],"version-history":[{"count":14,"href":"https:\/\/canada.wordcamp.org\/2024-fr\/wp-json\/wp\/v2\/pages\/447\/revisions"}],"predecessor-version":[{"id":6277,"href":"https:\/\/canada.wordcamp.org\/2024-fr\/wp-json\/wp\/v2\/pages\/447\/revisions\/6277"}],"wp:featuredmedia":[{"embeddable":true,"href":"https:\/\/canada.wordcamp.org\/2024-fr\/wp-json\/wp\/v2\/media\/561"}],"wp:attachment":[{"href":"https:\/\/canada.wordcamp.org\/2024-fr\/wp-json\/wp\/v2\/media?parent=447"}],"curies":[{"name":"wp","href":"https:\/\/api.w.org\/{rel}","templated":true}]}}