{"id":6316,"date":"2024-06-23T16:24:01","date_gmt":"2024-06-23T20:24:01","guid":{"rendered":"https:\/\/canada.wordcamp.org\/2024-fr\/?page_id=6316"},"modified":"2024-06-23T16:55:12","modified_gmt":"2024-06-23T20:55:12","slug":"qu-est-ce-qu-un-wordcamp","status":"publish","type":"page","link":"https:\/\/canada.wordcamp.org\/2024-fr\/qu-est-ce-qu-un-wordcamp\/","title":{"rendered":"Qu&rsquo;est ce qu&rsquo;un WordCamp?"},"content":{"rendered":"\n<p>WordCamp est une conf\u00e9rence organis\u00e9e par la communaut\u00e9 centr\u00e9e sur la plateforme de publication <a href=\"http:\/\/wordpress.org\/\" data-type=\"link\" data-id=\"http:\/\/wordpress.org\/\" target=\"_blank\" rel=\"noreferrer noopener\">WordPress<\/a>. Les WordCamps sont organis\u00e9s, financ\u00e9s et fr\u00e9quent\u00e9s par la communaut\u00e9 WordPress selon les directives \u00e9tablies par <a href=\"https:\/\/central.wordcamp.org\/\" data-type=\"link\" data-id=\"https:\/\/central.wordcamp.org\/\" target=\"_blank\" rel=\"noreferrer noopener\">central.WordCamp.org<\/a>. Cela permet de maintenir les prix des billets tr\u00e9s bas pour une conf\u00e9rence de ce calibre. Les billets pour WordCamp Canada 2024 ne co\u00fbtent que 75 $ !<\/p>\n\n\n\n<p>Bien que les WordCamps ne soient pas des conf\u00e9rences dispendieuses, ne vous laissez pas tromper par le petit prix; le contenu partag\u00e9 est extr\u00eamement riche et pr\u00e9sent\u00e9 par un groupe diversifi\u00e9 de membres exp\u00e9riment\u00e9s de la communaut\u00e9 WordPress. Il est assez courant de voir des conf\u00e9renciers de renom \u00e0 votre WordCamp local et  national qui en compte d&rsquo;ailleurs plusieurs au <a href=\"https:\/\/canada.wordcamp.org\/2024\/schedule\/\" data-type=\"link\" data-id=\"https:\/\/canada.wordcamp.org\/2024\/schedule\/\" target=\"_blank\" rel=\"noreferrer noopener\">programme<\/a>.<\/p>\n\n\n\n<p>Toutes personnes qui utilisent WordPress, de quelque mani\u00e8re que ce soit et \u00e0 tous les niveaux, du d\u00e9butant au d\u00e9veloppeur exp\u00e9riment\u00e9, devraient assister aux WordCamps. Que vous soyez auteur, cr\u00e9ateur de contenu, marketeur, expert en SEO, designer, d\u00e9veloppeur, propri\u00e9taire d&rsquo;entreprise, entrepreneur, ou que vous travailliez pour des organisations \u00e0 but non lucratif, petites ou grandes, vous ACQU\u00c9RIREZ des connaissances et des id\u00e9es pr\u00e9cieuses \u00e0 chaque WordCamp.<\/p>\n\n\n\n<p>Alors, qu&rsquo;est-ce qu&rsquo;un WordCamp ? Les WordCamps comprennent g\u00e9n\u00e9ralement de 1 \u00e0 3 jours de pr\u00e9sentations, de panels et des \u00e9v\u00e9nements pour les contributeurs. Toutes les activit\u00e9s sont fortement ax\u00e9es sur l&rsquo;utilisation de WordPress pour cr\u00e9er des sites web ou pour d\u00e9velopper des fonctionnalit\u00e9s. Tout ce qui concerne l&rsquo;utilisation de WordPress pour cr\u00e9er ou g\u00e9rer des sites web peut \u00eatre un sujet de pr\u00e9sentation ou de panel. Il y a aussi le &laquo;Happiness Bar&raquo;, une tradition des WordCamps o\u00f9 des membres exp\u00e9riment\u00e9s de la communaut\u00e9 WordPress sont disponibles pour vous aider avec votre site WordPress ou pour r\u00e9pondre \u00e0 vos questions individuelles sur WordPress. Les d\u00e9jeuners, le caf\u00e9, les collations et les cadeaux sont souvent (mais pas toujours) inclus. Et il ne faut pas oublier les discussions informelles dans les couloirs \u2013 un excellent endroit pour rencontrer des gens et partager des connaissances. Pr\u00e9parez-vous \u00e0 vous amuser dans une conf\u00e9rence de style professionnel avec d&rsquo;autres personnes tout aussi int\u00e9ress\u00e9es par WordPress que vous (ou tout aussi NOUVELLES \u00e0 WordPress que vous).<\/p>\n\n\n\n<p>WordCamp Canada 2024, #WCEH, comprendra une <a href=\"https:\/\/canada.wordcamp.org\/2024-fr\/journee-de-contribution\/\" data-type=\"link\" data-id=\"https:\/\/canada.wordcamp.org\/2024-fr\/journee-de-contribution\/\">journ\u00e9e des contributeurs <\/a>et une journ\u00e9e d&rsquo;introduction \u00e0 WordPress le 11 juillet. La journ\u00e9e des contributeurs et la journ\u00e9e d&rsquo;introduction sont incluses dans le billet, mais n\u00e9cessitent une inscription via les formulaires disponibles aux liens ci-dessus. L&rsquo;\u00e9v\u00e9nement principal de WordCamp Canada 2024 consiste en 2 jours complets de pr\u00e9sentations et de panels r\u00e9partis sur 3 pistes, les 12 et 13 juillet. Consultez le <a href=\"https:\/\/canada.wordcamp.org\/2024\/schedule\/\" data-type=\"link\" data-id=\"https:\/\/canada.wordcamp.org\/2024\/schedule\/\" target=\"_blank\" rel=\"noreferrer noopener\">programme complet<\/a>, charg\u00e9 de conf\u00e9renciers exp\u00e9riment\u00e9s et comp\u00e9tents. Les 3 jours sont inclus dans votre <a href=\"https:\/\/canada.wordcamp.org\/2024-fr\/billets\/\" data-type=\"link\" data-id=\"https:\/\/canada.wordcamp.org\/2024-fr\/billets\/\">billet <\/a>\u2013 mais ne sentez pas oblig\u00e9 d&rsquo;assister aux 3 jours. Notre &laquo;Happiness Bar&raquo; sera ouvert les 12 et 13. Les d\u00e9jeuners, le caf\u00e9 du matin et de l&rsquo;apr\u00e8s-midi et quelques autres surprises sont inclus pendant les 3 jours.<\/p>\n\n\n\n<div class=\"wp-block-columns has-base-2-background-color has-background is-layout-flex wp-container-core-columns-is-layout-28f84493 wp-block-columns-is-layout-flex\">\n<div class=\"wp-block-column is-layout-flow wp-block-column-is-layout-flow\">\n<h2 class=\"wp-block-heading\">Journ\u00e9e d&rsquo;introduction \u00e0 WordPress.<\/h2>\n\n\n\n<p><strong>Nouveau sur WordPress ?<\/strong><\/p>\n\n\n\n<p>Nous avons ajout\u00e9 une s\u00e9rie d&rsquo;ateliers Introduction \u00e0 WordPress le 11 juillet. Au cours de ces deux sessions d&rsquo;une demi-journ\u00e9e, vous apprendrez les bases de WordPress pour vous aider \u00e0 d\u00e9marrer votre site WordPress ou \u00e0 en faire plus sur le site que vous avez d\u00e9j\u00e0, y compris l&rsquo;ex\u00e9cution de WordPress en local. Consultez la <a href=\"https:\/\/canada.wordcamp.org\/2024-fr\/journee-dintroduction-a-wordpress\/\" data-type=\"link\" data-id=\"https:\/\/canada.wordcamp.org\/2024-fr\/journee-dintroduction-a-wordpress\/\">journ\u00e9e d&rsquo;introduction \u00e0 WordPress<\/a> pour plus de d\u00e9tails et pour vous inscrire.<\/p>\n\n\n\n<div class=\"wp-block-buttons is-layout-flex wp-block-buttons-is-layout-flex\">\n<div class=\"wp-block-button\"><a class=\"wp-block-button__link has-text-align-center wp-element-button\" href=\"https:\/\/canada.wordcamp.org\/2024-fr\/journee-dintroduction-a-wordpress\/\">Journ\u00e9e d&rsquo;introduction \u00e0 WordPress &#8211; Inscription et d\u00e9tails<\/a><\/div>\n<\/div>\n<\/div>\n<\/div>\n","protected":false},"excerpt":{"rendered":"<p>WordCamp est une conf\u00e9rence organis\u00e9e par la communaut\u00e9 centr\u00e9e sur la plateforme de publication WordPress. Les WordCamps sont organis\u00e9s, financ\u00e9s et fr\u00e9quent\u00e9s par la communaut\u00e9 WordPress selon les directives \u00e9tablies par central.WordCamp.org. Cela permet de maintenir les prix des billets tr\u00e9s bas pour une conf\u00e9rence de ce calibre. Les billets pour WordCamp Canada 2024 ne [&hellip;]<\/p>\n","protected":false},"author":17134721,"featured_media":279,"parent":0,"menu_order":0,"comment_status":"closed","ping_status":"closed","template":"full-wide-page","meta":{"jetpack_post_was_ever_published":false,"footnotes":""},"class_list":["post-6316","page","type-page","status-publish","has-post-thumbnail","hentry"],"jetpack_sharing_enabled":true,"_links":{"self":[{"href":"https:\/\/canada.wordcamp.org\/2024-fr\/wp-json\/wp\/v2\/pages\/6316","targetHints":{"allow":["GET"]}}],"collection":[{"href":"https:\/\/canada.wordcamp.org\/2024-fr\/wp-json\/wp\/v2\/pages"}],"about":[{"href":"https:\/\/canada.wordcamp.org\/2024-fr\/wp-json\/wp\/v2\/types\/page"}],"author":[{"embeddable":true,"href":"https:\/\/canada.wordcamp.org\/2024-fr\/wp-json\/wp\/v2\/users\/17134721"}],"replies":[{"embeddable":true,"href":"https:\/\/canada.wordcamp.org\/2024-fr\/wp-json\/wp\/v2\/comments?post=6316"}],"version-history":[{"count":4,"href":"https:\/\/canada.wordcamp.org\/2024-fr\/wp-json\/wp\/v2\/pages\/6316\/revisions"}],"predecessor-version":[{"id":6329,"href":"https:\/\/canada.wordcamp.org\/2024-fr\/wp-json\/wp\/v2\/pages\/6316\/revisions\/6329"}],"wp:featuredmedia":[{"embeddable":true,"href":"https:\/\/canada.wordcamp.org\/2024-fr\/wp-json\/wp\/v2\/media\/279"}],"wp:attachment":[{"href":"https:\/\/canada.wordcamp.org\/2024-fr\/wp-json\/wp\/v2\/media?parent=6316"}],"curies":[{"name":"wp","href":"https:\/\/api.w.org\/{rel}","templated":true}]}}